{"id":70,"date":"2025-02-04T15:42:43","date_gmt":"2025-02-04T14:42:43","guid":{"rendered":"https:\/\/shop.fotomaechler.ch\/?page_id=70"},"modified":"2025-08-09T11:00:20","modified_gmt":"2025-08-09T09:00:20","slug":"impressum","status":"publish","type":"page","link":"https:\/\/shop.fotomaechler.ch\/index.php\/impressum\/","title":{"rendered":"Impressum"},"content":{"rendered":"\t\t<div data-elementor-type=\"wp-page\" data-elementor-id=\"70\" class=\"elementor elementor-70\" data-elementor-post-type=\"page\">\n\t\t\t\t<div class=\"elementor-element elementor-element-15e0b8ea e-flex e-con-boxed e-con e-parent\" data-id=\"15e0b8ea\" data-element_type=\"container\" data-e-type=\"container\">\n\t\t\t\t\t<div class=\"e-con-inner\">\n\t\t\t\t<div class=\"elementor-element elementor-element-a144029 elementor-widget elementor-widget-spacer\" data-id=\"a144029\" data-element_type=\"widget\" data-e-type=\"widget\" data-widget_type=\"spacer.default\">\n\t\t\t\t<div class=\"elementor-widget-container\">\n\t\t\t\t\t\t\t<div class=\"elementor-spacer\">\n\t\t\t<div class=\"elementor-spacer-inner\"><\/div>\n\t\t<\/div>\n\t\t\t\t\t\t<\/div>\n\t\t\t\t<\/div>\n\t\t\t\t<div class=\"elementor-element elementor-element-67bbeedc elementor-widget elementor-widget-text-editor\" data-id=\"67bbeedc\" data-element_type=\"widget\" data-e-type=\"widget\" data-widget_type=\"text-editor.default\">\n\t\t\t\t<div class=\"elementor-widget-container\">\n\t\t\t\t\t\t\t\t\t\n<p><strong>IMPRESSUM<\/strong><\/p>\n\n\n\n<p><strong>Foto M\u00e4chler AG<\/strong><br>Kantonsstrasse 54<br>8854 Galgenen<br>Schweiz<\/p>\n\n\n\n<p>Telefon: <strong>055 440 50 00<\/strong><br>E-Mail: <strong>info@fotomaechler.ch<\/strong><br>Webseite: <a href=\"http:\/\/www.fotomaechler.ch\" target=\"_blank\" rel=\"noopener\">www.fotomaechler.ch<\/a><\/p>\n\n\n\n<p><strong>Vertreten durch: Foto M\u00e4chler AG<\/strong><\/p>\n\n\n\n<p><strong>UID-Nummer:<\/strong> CHE-107.817.907<br><strong>Handelsregister:<\/strong> CH-130-0007207-9<br><strong>Verantwortlich f\u00fcr den Inhalt:<\/strong> Foto M\u00e4chler AG<\/p>\n\n\n\n<p><strong>Berufsrechtliche Regelungen:<\/strong> Keine spezifischen berufsrechtlichen Regelungen vorhanden<\/p>\n\n\n\n<p><\/p>\n\t\t\t\t\t\t\t\t<\/div>\n\t\t\t\t<\/div>\n\t\t\t\t\t<\/div>\n\t\t\t\t<\/div>\n\t\t\t\t<\/div>\n\t\t","protected":false},"excerpt":{"rendered":"<p>IMPRESSUM Foto M\u00e4chler AGKantonsstrasse 548854 GalgenenSchweiz Telefon: 055 440 50 00E-Mail: info@fotomaechler.chWebseite: www.fotomaechler.ch Vertreten durch: Foto M\u00e4chler AG UID-Nummer: CHE-107.817.907Handelsregister: CH-130-0007207-9Verantwortlich f\u00fcr den Inhalt: Foto M\u00e4chler AG Berufsrechtliche Regelungen: Keine spezifischen berufsrechtlichen Regelungen vorhanden<\/p>\n","protected":false},"author":1,"featured_media":0,"parent":0,"menu_order":0,"comment_status":"closed","ping_status":"closed","template":"","meta":{"_acf_changed":false,"footnotes":""},"class_list":["post-70","page","type-page","status-publish","hentry"],"acf":[],"jetpack_sharing_enabled":true,"_links":{"self":[{"href":"https:\/\/shop.fotomaechler.ch\/index.php\/wp-json\/wp\/v2\/pages\/70","targetHints":{"allow":["GET"]}}],"collection":[{"href":"https:\/\/shop.fotomaechler.ch\/index.php\/wp-json\/wp\/v2\/pages"}],"about":[{"href":"https:\/\/shop.fotomaechler.ch\/index.php\/wp-json\/wp\/v2\/types\/page"}],"author":[{"embeddable":true,"href":"https:\/\/shop.fotomaechler.ch\/index.php\/wp-json\/wp\/v2\/users\/1"}],"replies":[{"embeddable":true,"href":"https:\/\/shop.fotomaechler.ch\/index.php\/wp-json\/wp\/v2\/comments?post=70"}],"version-history":[{"count":9,"href":"https:\/\/shop.fotomaechler.ch\/index.php\/wp-json\/wp\/v2\/pages\/70\/revisions"}],"predecessor-version":[{"id":1578,"href":"https:\/\/shop.fotomaechler.ch\/index.php\/wp-json\/wp\/v2\/pages\/70\/revisions\/1578"}],"wp:attachment":[{"href":"https:\/\/shop.fotomaechler.ch\/index.php\/wp-json\/wp\/v2\/media?parent=70"}],"curies":[{"name":"wp","href":"https:\/\/api.w.org\/{rel}","templated":true}]}}